{"id":176,"date":"2020-01-01T22:50:31","date_gmt":"2020-01-01T21:50:31","guid":{"rendered":"http:\/\/buergerstiftung-woelfersheim.de\/?page_id=176"},"modified":"2023-07-03T10:55:01","modified_gmt":"2023-07-03T08:55:01","slug":"unterstuetzen","status":"publish","type":"page","link":"http:\/\/buergerstiftung-woelfersheim.de\/index.php\/unterstuetzen\/","title":{"rendered":"Unterst\u00fctzen"},"content":{"rendered":"<div class=\"wpb-content-wrapper\"><p>[vc_row][vc_column][vc_column_text][\/vc_column_text][\/vc_column][\/vc_row][vc_row][vc_column][vc_custom_heading text=&#8220;Wie k\u00f6nnen Sie die W\u00f6lfersheimer B\u00fcrgerstiftung unterst\u00fctzen?&#8220; google_fonts=&#8220;font_family:Lato%3A100%2C100italic%2C300%2C300italic%2Cregular%2Citalic%2C700%2C700italic%2C900%2C900italic|font_style:400%20regular%3A400%3Anormal&#8220;][\/vc_column][\/vc_row][vc_row][vc_column][vc_column_text]Sie k\u00f6nnen die W\u00f6lfersheimer B\u00fcrgerstiftung als Privatperson, Unternehmen oder Organisation durch eine Spende oder Zustiftung unterst\u00fctzen. Die B\u00fcrgerstiftung kann f\u00fcr beides Spendenquittungen ausstellen, die steuerlich absetzbar sind.[\/vc_column_text][\/vc_column][\/vc_row][vc_row full_width=&#8220;stretch_row&#8220; css=&#8220;.vc_custom_1434538871508{margin-bottom: 0px !important;}&#8220;][vc_column width=&#8220;1\/3&#8243;][vc_custom_heading text=&#8220;Zustiftungen&#8220; google_fonts=&#8220;font_family:Lato%3A100%2C100italic%2C300%2C300italic%2Cregular%2Citalic%2C700%2C700italic%2C900%2C900italic|font_style:400%20regular%3A400%3Anormal&#8220;][vc_column_text]Mit einer Zustiftung unterst\u00fctzen Sie die B\u00fcrgerstiftung nachhaltig. Zustiftungen flie\u00dfen direkt in das Stiftungskapital. Die Ertr\u00e4ge dieses Kapitals (Zinsen, Aussch\u00fcttungen aus Fonds usw.) werden f\u00fcr die Projekte verwendet. Mit einer Zustiftung tun Sie auf lange Sicht etwas Gutes f\u00fcr alle B\u00fcrgerinnen und B\u00fcrger.[\/vc_column_text][\/vc_column][vc_column width=&#8220;1\/3&#8243;][vc_single_image image=&#8220;120&#8243; img_size=&#8220;full&#8220; css=&#8220;.vc_custom_1577974421760{padding-top: 15px !important;}&#8220;][\/vc_column][vc_column width=&#8220;1\/3&#8243;][vc_custom_heading text=&#8220;Spenden&#8220; google_fonts=&#8220;font_family:Lato%3A100%2C100italic%2C300%2C300italic%2Cregular%2Citalic%2C700%2C700italic%2C900%2C900italic|font_style:400%20regular%3A400%3Anormal&#8220;][vc_column_text]Spenden an die B\u00fcrgerstiftung flie\u00dfen nicht dauerhaft in den Stiftungsstock bzw. das Stiftungskapital. Sie k\u00f6nnen unmittelbar f\u00fcr Projekte verwendet werden.[\/vc_column_text][\/vc_column][\/vc_row][vc_row full_width=&#8220;stretch_row&#8220;][vc_column width=&#8220;1\/3&#8243;][vc_single_image image=&#8220;150&#8243; img_size=&#8220;full&#8220; css=&#8220;.vc_custom_1577974735156{padding-top: 15px !important;}&#8220;][\/vc_column][vc_column width=&#8220;1\/3&#8243;][vc_custom_heading text=&#8220;Zweckbindungen&#8220; google_fonts=&#8220;font_family:Lato%3A100%2C100italic%2C300%2C300italic%2Cregular%2Citalic%2C700%2C700italic%2C900%2C900italic|font_style:400%20regular%3A400%3Anormal&#8220;][vc_column_text]Zustiftungen ab einer bestimmten H\u00f6he k\u00f6nnen zweckgebunden sein. M\u00f6chten Sie zum Beispiel nur Umweltschutzprojekte oder nur musikalische Projekte unterst\u00fctzen, ist das durch eine Zweckbindung m\u00f6glich.[\/vc_column_text][\/vc_column][vc_column width=&#8220;1\/3&#8243;][vc_single_image image=&#8220;73&#8243; img_size=&#8220;full&#8220; css=&#8220;.vc_custom_1577974776582{padding-top: 15px !important;}&#8220;][\/vc_column][\/vc_row][vc_row full_width=&#8220;stretch_row&#8220; css=&#8220;.vc_custom_1434538871508{margin-bottom: 0px !important;}&#8220;][vc_column width=&#8220;1\/3&#8243;][vc_custom_heading text=&#8220;Einfach unterst\u00fctzen&#8220; google_fonts=&#8220;font_family:Lato%3A100%2C100italic%2C300%2C300italic%2Cregular%2Citalic%2C700%2C700italic%2C900%2C900italic|font_style:400%20regular%3A400%3Anormal&#8220;][vc_column_text]Spenden und Zustiftungen k\u00f6nnen Sie einfach auf das Konto der B\u00fcrgerstiftung \u00fcberweisen. Eine Spendenquittung stellen wir Ihnen gerne aus.<\/p>\n<p>Bankverbindung:<br \/>\nB\u00fcrgerstiftung W\u00f6lfersheim<br \/>\nIBAN: DE41 5185 0079 0027 0606 84<br \/>\nSparkasse Oberhessen[\/vc_column_text][\/vc_column][vc_column width=&#8220;1\/3&#8243;][vc_single_image image=&#8220;127&#8243; img_size=&#8220;full&#8220; css=&#8220;.vc_custom_1577975195139{padding-top: 15px !important;}&#8220;][\/vc_column][vc_column width=&#8220;1\/3&#8243;][vc_custom_heading text=&#8220;Sie haben Fragen?&#8220; google_fonts=&#8220;font_family:Lato%3A100%2C100italic%2C300%2C300italic%2Cregular%2Citalic%2C700%2C700italic%2C900%2C900italic|font_style:400%20regular%3A400%3Anormal&#8220;][vc_column_text]Scheuen Sie sich nicht bei Fragen Kontakt mit uns aufzunehmen. Unser Gesch\u00e4ftsf\u00fchrer steht Ihnen gerne zur Verf\u00fcgung.<\/p>\n<p>Joscha Pulkert<br \/>\nTelefon: 06036 \/ 97 37 22<br \/>\nMail: joscha.pulkert@woelfersheim.de[\/vc_column_text][\/vc_column][\/vc_row][vc_row][vc_column][\/vc_column][\/vc_row]<\/p>\n<\/div>","protected":false},"excerpt":{"rendered":"<p>[vc_row][vc_column][vc_column_text][\/vc_column_text][\/vc_column][\/vc_row][vc_row][vc_column][vc_custom_heading text=&#8220;Wie k\u00f6nnen Sie die W\u00f6lfersheimer B\u00fcrgerstiftung unterst\u00fctzen?&#8220; google_fonts=&#8220;font_family:Lato%3A100%2C100italic%2C300%2C300italic%2Cregular%2Citalic%2C700%2C700italic%2C900%2C900italic|font_style:400%20regular%3A400%3Anormal&#8220;][\/vc_column][\/vc_row][vc_row][vc_column][vc_column_text]Sie k\u00f6nnen die W\u00f6lfersheimer B\u00fcrgerstiftung als Privatperson, Unternehmen oder Organisation durch eine Spende oder Zustiftung unterst\u00fctzen. Die B\u00fcrgerstiftung kann f\u00fcr beides Spendenquittungen ausstellen, die steuerlich absetzbar sind.[\/vc_column_text][\/vc_column][\/vc_row][vc_row full_width=&#8220;stretch_row&#8220; css=&#8220;.vc_custom_1434538871508{margin-bottom: 0px !important;}&#8220;][vc_column width=&#8220;1\/3&#8243;][vc_custom_heading text=&#8220;Zustiftungen&#8220; google_fonts=&#8220;font_family:Lato%3A100%2C100italic%2C300%2C300italic%2Cregular%2Citalic%2C700%2C700italic%2C900%2C900italic|font_style:400%20regular%3A400%3Anormal&#8220;][vc_column_text]Mit einer Zustiftung unterst\u00fctzen Sie die B\u00fcrgerstiftung nachhaltig. Zustiftungen flie\u00dfen direkt in das Stiftungskapital. [&hellip;]<\/p>\n","protected":false},"author":1,"featured_media":0,"parent":0,"menu_order":0,"comment_status":"closed","ping_status":"closed","template":"","meta":{"footnotes":""},"class_list":["post-176","page","type-page","status-publish","hentry"],"_links":{"self":[{"href":"http:\/\/buergerstiftung-woelfersheim.de\/index.php\/wp-json\/wp\/v2\/pages\/176","targetHints":{"allow":["GET"]}}],"collection":[{"href":"http:\/\/buergerstiftung-woelfersheim.de\/index.php\/wp-json\/wp\/v2\/pages"}],"about":[{"href":"http:\/\/buergerstiftung-woelfersheim.de\/index.php\/wp-json\/wp\/v2\/types\/page"}],"author":[{"embeddable":true,"href":"http:\/\/buergerstiftung-woelfersheim.de\/index.php\/wp-json\/wp\/v2\/users\/1"}],"replies":[{"embeddable":true,"href":"http:\/\/buergerstiftung-woelfersheim.de\/index.php\/wp-json\/wp\/v2\/comments?post=176"}],"version-history":[{"count":8,"href":"http:\/\/buergerstiftung-woelfersheim.de\/index.php\/wp-json\/wp\/v2\/pages\/176\/revisions"}],"predecessor-version":[{"id":335,"href":"http:\/\/buergerstiftung-woelfersheim.de\/index.php\/wp-json\/wp\/v2\/pages\/176\/revisions\/335"}],"wp:attachment":[{"href":"http:\/\/buergerstiftung-woelfersheim.de\/index.php\/wp-json\/wp\/v2\/media?parent=176"}],"curies":[{"name":"wp","href":"https:\/\/api.w.org\/{rel}","templated":true}]}}